ainder when (1 - -22)*(11 - g) is divided by -9*1/(6/(-8)).
11
Calculate the remainder when 2/(24/90)*2 is divided by 1.
0
Suppose -5 = -f - 1. Let t = -28 + 47. What is the remainder when t is divided by ((-12)/(-5))/(f/10)?
1
Let b(z) = -z + 2. Let n be b(8). What is the remainder when n*(-2 - -4)*-5 is divided by 27?
6
Let r(y) = 9*y**2 + y. What is the remainder when (-1)/(4/(-268)) + 4 is divided by r(-1)?
7
Suppose 28*w = 23*w - 5*m + 30, -4*w + 24 = -3*m. Calculate the remainder when 11 is divided by w.
5
Suppose 3 + 5 = 2*n. Suppose y = -0*y - n. What is the remainder when 35 is divided by (-73)/y + (-1)/4?
17
Suppose 7*z + l - 3 = 9*z, 3*z - 28 = -5*l. Calculate the remainder when z/(-6) - 13/(-6) - -80 is divided by 43.
39
Suppose 0 = -2*u - 5*j + 27, 4*u + 3*j - 21 = 54. Calculate the remainder when 91 is divided by 666/u + (-2)/(-28)*4.
27
Let k(d) = -d**2 - d + 2. Let g be k(1). Suppose l - 6*l + 65 = g. What is the remainder when 37 is divided by l?
11
Let d = -176 - -234. Calculate the remainder when 171 is divided by d.
55
Let i = 61 - 34. Suppose -5*r + 3 = -i. Suppose -r*s - 2*o = -3*s - 33, 10 = s + o. Calculate the remainder when 48 is divided by s.
9
Suppose 3*l - 4 = 5*t - 4*t, 0 = 2*l - 4*t + 14. Let p(g) = -9*g - 1. Let f be p(-5). Suppose -5*z = -l*z - f. What is the remainder when 42 is divided by z?
20
Let o(x) = -x + 4. Let a(u) = u**3 + 5*u**2 + u - 1. Let c be a(-5). Calculate the remainder when 23 is divided by o(c).
3
Suppose -3*y + 7*y = 0. Suppose -8*x + 9*x - 79 = y. Calculate the remainder when x is divided by 20.
19
Let g = -22 - -31. Let x = g + -6. Suppose -2*b + 4 = x*w, -2*w + 3*w - 4*b - 6 = 0. Calculate the remainder when w is divided by 2.
0
Let z(h) = -38*h + 258. Suppose -a = 4*a - 85. What is the remainder when z(6) is divided by a?
13
Let d(i) = 2*i**2 + 3*i - 2. Let m = 35 - 24. What is the remainder when d(4) is divided by m?
9
Suppose 0 = 31*q - 247 - 1489. Calculate the remainder when 269 is divided by q.
45
Suppose -4*p + 243 = 3*d - 197, 0 = 5*p - 5*d - 515. What is the remainder when p is divided by 56?
51
Suppose -2 = 2*k - 12. Suppose 0 = -g + 4, 0 = -4*f - k*g - 24. What is the remainder when 86 is divided by -6*f*3/9?
20
Calculate the remainder when (1 + (-51)/9)*-3 is divided by (-1)/(11 - 495/44).
2
Let m(d) = d**2 - d + 60. Let u be m(0). Let k = 47 + -41. Suppose -3*q - k = -u. What is the remainder when 70 is divided by q?
16
Let g be 75 - (3/1 + -2). Suppose -a - a = -g. What is the remainder when a is divided by 8 - 4/(-6)*3?
7
Let s = 83 - 25. Let g(c) = c - 3. Let r be g(5). Suppose 0 = -5*f + 4*j + 49 + 14, 69 = 5*f - r*j. What is the remainder when s is divided by f?
13
Suppose 3*r - 127 = -p, -27*r - 106 = -p - 23*r. What is the remainder when p is divided by 37?
7
Suppose 0*l + l + 3 = 3*q, l - 5 = -q. Suppose -i = -3*i - 10, -q*w + 4*i = -30. Calculate the remainder when 13 is divided by w.
3
Let l = 5085 - 5074. Let n be (1 + (-32 - 2))*-1. Suppose 4*g = n + 43. Calculate the remainder when g is divided by l.
8
Calculate the remainder when 12/10*75440/276 is divided by 66.
64
Let q = 173 + -30. Calculate the remainder when q is divided by 16.
15
Suppose 3*s - 119 - 296 = -5*m, -3*s = -15. Calculate the remainder when m is divided by 21.
17
Let w(a) = 2*a**2 + 4*a. Let v be w(-4). Calculate the remainder when 42 is divided by 1 + 25 - v/4.
20
Suppose -5*b + 28 = -4*x - 33, 0 = 5*b - 5*x - 65. Let t = 18 + -15. What is the remainder when b is divided by t?
0
Suppose 5*g = -5*k + 145, -8 = -5*g - 33. Calculate the remainder when k is divided by 21.
13
Suppose 3*b - 54 + 0 = -3*i, 0 = -5*i - 2*b + 90. Let g = -247 + 290. Calculate the remainder when g is divided by i.
7
Let l be 1 - -1 - (-1 - 52). Suppose l = 2*t - 61. Suppose 4*i - 6*i + 4*p = -36, -3*i + 2*p = -t. Calculate the remainder when 38 is divided by i.
18
Let c(s) = s + 45. Calculate the remainder when c(29) is divided by 21.
11
Suppose 4 = 41*y - 40*y. Calculate the remainder when 79 is divided by y.
3
Suppose 3*q = 4*w + 761, -2*q - 70*w = -72*w - 504. Calculate the remainder when q is divided by 4.
3
Let f = 47 - 2. Suppose 13*d - 5*n = 8*d + 110, -3*n = 12. What is the remainder when f is divided by d?
9
Suppose -4*k + 3*h + 3 = 0, -k + 2*h + 2 = -0*h. Suppose -z - 3*z + 108 = k. Calculate the remainder when 53 is divided by z.
26
Let c(m) = 2*m**3 + 4*m**2 - 2*m - 16. What is the remainder when c(3) is divided by 32?
4
What is the remainder when 317 is divided by (2 - 9) + 324/12?
17
Suppose -d + 3*d = 5*k - 13, d = -4*k + 13. Suppose 5*s - 114 = k*i + 161, 0 = 3*s - 2*i - 166. Calculate the remainder when s is divided by 21.
10
Let u = -97 - -139. Let v = -34 + u. Let o(d) = d**3 + d**2 - d + 1. What is the remainder when v is divided by o(1)?
0
Let v(p) = -p**3 + 26*p**2 + 19. Suppose -17*k + 78 = -14*k. Calculate the remainder when 50 is divided by v(k).
12
Let w(t) = -4 - 10*t**2 + 27 + 47*t - t**3 - 23*t - 28*t. Calculate the remainder when w(-10) is divided by 32.
31
Let z(b) = -b + b + b**3 + b - 27*b**2 - 11 + 23*b**2. Calculate the remainder when 35 is divided by z(5).
16
Suppose -12*h - 1074 + 1758 = 0. What is the remainder when 67 is divided by h?
10
Suppose -3*h + 5*g = -183, -87 = -h + 3*g - 22. Calculate the remainder when 75 is divided by h.
19
Suppose -314*g = -319*g + 25. What is the remainder when 151 is divided by g?
1
Suppose 4*m + 63 = -17*m. What is the remainder when 95/(-20)*(m - 1) is divided by 5?
4
Suppose 0 = 4*v + h - 177, -3*h - 221 = -5*v - 21. Suppose -3*c + 2*f + 46 = 0, -c - 2*f + 50 = 2*c. Calculate the remainder when v is divided by c.
11
Let h be 6*(-8)/(-12) + 0. Suppose 26 = h*b - 6. Calculate the remainder when 21 is divided by b.
5
Calculate the remainder when 137 is divided by (-254)/(-10) - 90/225.
12
Let l be (6/15)/((-7)/(-175)). Suppose 5*f + 0 = l. What is the remainder when -3 + (6 - f)*3 is divided by 2?
1
Let d(m) = -52*m + 632. Calculate the remainder when 21 is divided by d(12).
5
Let c(q) = q**3 - 3*q - 3. Suppose -61*k + 1464 = -0*k. Calculate the remainder when k is divided by c(3).
9
Let u(l) = -6*l**2 + 37*l - 1. Let z be u(6). Let d = -1 - 0. Calculate the remainder when -1 + 12 - (z + d) is divided by 3.
1
Suppose 2*g = 6*w - w - 40, g = 0. Calculate the remainder when 157 is divided by w.
5
Let v(g) = -3*g**3 + 2*g**2 + 2*g. Let z(l) = 20*l - 260. What is the remainder when v(-2) is divided by z(14)?
8
Suppose 3*w = 102 + 48. Suppose 60 = 3*a - 3*u, -4*a = u + u - w. Calculate the remainder when 74 is divided by a.
14
Suppose 0 = -22*r + 20*r - 5*v + 398, -2*r - 7*v + 402 = 0. What is the remainder when r is divided by 5?
4
Let u(j) = -j**2 - 4*j**2 + 8 + 4*j**2 + 12*j. Suppose 0 = -2*s + 6. What is the remainder when u(12) is divided by s?
2
Let p(v) = 4*v + 27. Let s be p(-6). Suppose 0 = -s*u - 3 + 60. What is the remainder when 74 is divided by u?
17
Let y(c) = -c**2 - 7*c + 8. Suppose 0 = l - 5*z - 74, 2*l + 0*z + 5*z - 88 = 0. What is the remainder when l is divided by y(-6)?
12
Let b be 46/6 + (-7)/(-21). Let t be ((-2)/b)/(8/(-64)). Calculate the remainder when t/5 + (-2893)/(-55) is divided by 18.
17
Let a(v) = -v**2 - 9*v - 10. What is the remainder when 94 is divided by a(-2)?
2
Suppose -60*q = -64*q + 4, 68 = 2*g + 4*q. What is the remainder when 68 is divided by g?
4
Suppose 979 = 134*j - 123*j. Calculate the remainder when 622 is divided by j.
88
Suppose 4*s - 14*o = 256, -2*o + 164 = -30*s + 32*s. Suppose -3*h + 81 = 4*t, 2 + 1 = h. Suppose -t = -2*q + 22. Calculate the remainder when s is divided by q.
18
Let l be (-1194)/(-10) - (-22)/(-55). Suppose 4*y + 3*q + 237 = 0, -y = y + q + l. Let u = 87 + y. What is the remainder when u is divided by 10?
7
Let c(l) = 2*l**2 - 3*l + 4. Calculate the remainder when 22 is divided by c(0).
2
Let t = -7 - 3. Let n be 26/10 - 4/t. Suppose -n*l - 5*c + 16 = -28, -l + 2*c + 33 = 0. What is the remainder when l is divided by 13?
10
Let v(s) = -3*s + 23. Calculate the remainder when 127 is divided by v(-6).
4
What is the remainder when 62 - 59 - (1048 - 0)/(-2) is divided by 66?
65
Let w = 271 + -127. Suppose -g + w = 15*g. What is the remainder when 23 is divided by g?
5
Suppose 21*j - 26*j 